
{"version":"1.0","type":"video","provider_name":"Web.TV","provider_url":"https:\/\/web.tv\/","width":640,"height":360,"title":"D\u00fcnyay\u0131 Verelim \u00c7ocuklara-V\u0130DEO","author_name":"04federal","author_url":"https:\/\/04federal.web.tv","html":"<iframe width=\"640\" height=\"360\" frameborder=\"0\" src=\"https:\/\/04federal.web.tv\/embed\/9bde4mhd0h_?feature=oembed\" allowfullscreen=\"allowfullscreen\" sandbox=\"allow-same-origin allow-scripts\"><\/iframe>","thubmnail_url":"https:\/\/thumbs01.cdn.web.tv\/9b\/de\/9bde4mhd0h__4_1200x720.jpg","thumbnail_height":640,"thumbnail_width":360}

Dünyayı Verelim Çocuklara-VİDEO
