
{"version":"1.0","type":"video","provider_name":"Web.TV","provider_url":"https:\/\/web.tv\/","width":640,"height":360,"title":"\u200eEdirne'de Korkun\u00e7 Kaza: \u00d6l\u00fc ve Yaral\u0131lar Var","author_name":"batiekspres","author_url":"https:\/\/batiekspres.web.tv","html":"<iframe width=\"640\" height=\"360\" frameborder=\"0\" src=\"https:\/\/batiekspres.web.tv\/embed\/glaznh9sxcg?feature=oembed\" allowfullscreen=\"allowfullscreen\" sandbox=\"allow-same-origin allow-scripts\"><\/iframe>","thubmnail_url":"https:\/\/thumbs01.cdn.web.tv\/gl\/az\/glaznh9sxcg_2_1200x720.jpg","thumbnail_height":640,"thumbnail_width":360}

‎Edirne'de Korkunç Kaza: Ölü ve Yaralılar Var
