
{"version":"1.0","type":"video","provider_name":"Web.TV","provider_url":"https:\/\/web.tv\/","width":640,"height":360,"title":"Fikret Orman\u0131n K.Karab\u00fck ma\u00e7\u0131 sonras\u0131 a\u00e7\u0131klamas\u0131","author_name":"bjkden","author_url":"https:\/\/bjkden.web.tv","html":"<iframe width=\"640\" height=\"360\" frameborder=\"0\" src=\"https:\/\/bjkden.web.tv\/embed\/8ymhfphrfta?feature=oembed\" allowfullscreen=\"allowfullscreen\" sandbox=\"allow-same-origin allow-scripts\"><\/iframe>","thubmnail_url":"https:\/\/thumbs01.cdn.web.tv\/8y\/mh\/8ymhfphrfta_0_1200x720.jpg","thumbnail_height":640,"thumbnail_width":360}

Fikret Ormanın K.Karabük maçı sonrası açıklaması
