
{"version":"1.0","type":"video","provider_name":"Web.TV","provider_url":"https:\/\/web.tv\/","width":640,"height":360,"title":"Bursa B\u00fcy\u00fck\u015fehir \u0130neg\u00f6l'deki \u00e7al\u0131\u015fmalar\u0131n\u0131 payla\u015ft\u0131","author_name":"bursahaber","author_url":"https:\/\/bursahaber.web.tv","html":"<iframe width=\"640\" height=\"360\" frameborder=\"0\" src=\"https:\/\/bursahaber.web.tv\/embed\/tb3f7porzes?feature=oembed\" allowfullscreen=\"allowfullscreen\" sandbox=\"allow-same-origin allow-scripts\"><\/iframe>","thubmnail_url":"https:\/\/thumbs01.cdn.web.tv\/tb\/3f\/tb3f7porzes_2_1200x720.jpg","thumbnail_height":640,"thumbnail_width":360}

Bursa Büyükşehir İnegöl'deki çalışmalarını paylaştı
