
{"version":"1.0","type":"video","provider_name":"Web.TV","provider_url":"https:\/\/web.tv\/","width":640,"height":360,"title":"Bursa Kur\u015funlu'da midye \u00e7iftli\u011fi isyan\u0131...","author_name":"bursahakimiyet","author_url":"https:\/\/bursahakimiyet.web.tv","html":"<iframe width=\"640\" height=\"360\" frameborder=\"0\" src=\"https:\/\/bursahakimiyet.web.tv\/embed\/63dkujq34t6?feature=oembed\" allowfullscreen=\"allowfullscreen\" sandbox=\"allow-same-origin allow-scripts\"><\/iframe>","thubmnail_url":"https:\/\/thumbs01.cdn.web.tv\/63\/dk\/63dkujq34t6_2_1200x720.jpg","thumbnail_height":640,"thumbnail_width":360}

Bursa Kurşunlu'da midye çiftliği isyanı...
