
{"version":"1.0","type":"video","provider_name":"Web.TV","provider_url":"https:\/\/web.tv\/","width":640,"height":360,"title":"funda arar - a\u015fk\u0131n bana de\u011fdi de\u011feli ","author_name":"denemekanalim","author_url":"https:\/\/denemekanalim.web.tv","html":"<iframe width=\"640\" height=\"360\" frameborder=\"0\" src=\"https:\/\/denemekanalim.web.tv\/embed\/0v0_5fgakke?feature=oembed\" allowfullscreen=\"allowfullscreen\" sandbox=\"allow-same-origin allow-scripts\"><\/iframe>","thubmnail_url":"https:\/\/thumbs01.cdn.web.tv\/0v\/0_\/0v0_5fgakke_0_1200x720.jpg","thumbnail_height":640,"thumbnail_width":360}

funda arar - aşkın bana değdi değeli
