
{"version":"1.0","type":"video","provider_name":"Web.TV","provider_url":"https:\/\/web.tv\/","width":640,"height":360,"title":"Yar \u0130nsaf\u0131na Kar M\u0131 Ya\u011fd\u0131 (Ahmet \u015eafak)","author_name":"Depor-el-turco","author_url":"https:\/\/depor-el-turco.web.tv","html":"<iframe width=\"640\" height=\"360\" frameborder=\"0\" src=\"https:\/\/depor-el-turco.web.tv\/embed\/rdgcsf_ynci?feature=oembed\" allowfullscreen=\"allowfullscreen\" sandbox=\"allow-same-origin allow-scripts\"><\/iframe>","thubmnail_url":"https:\/\/thumbs01.cdn.web.tv\/rd\/gc\/rdgcsf_ynci_0_1200x720.jpg","thumbnail_height":640,"thumbnail_width":360}

Yar İnsafına Kar Mı Yağdı (Ahmet Şafak)
