
{"version":"1.0","type":"video","provider_name":"Web.TV","provider_url":"https:\/\/web.tv\/","width":640,"height":360,"title":"\u0130kitelli Dersimliler Derne\u011fi G\u00fcnayd\u0131n Tv'de","author_name":"gunaydintv","author_url":"https:\/\/gunaydintv.web.tv","html":"<iframe width=\"640\" height=\"360\" frameborder=\"0\" src=\"https:\/\/gunaydintv.web.tv\/embed\/xec6620sitm?feature=oembed\" allowfullscreen=\"allowfullscreen\" sandbox=\"allow-same-origin allow-scripts\"><\/iframe>","thubmnail_url":"https:\/\/thumbs01.cdn.web.tv\/xe\/c6\/xec6620sitm_2_1200x720.jpg","thumbnail_height":640,"thumbnail_width":360}

İkitelli Dersimliler Derneği Günaydın Tv'de
