
{"version":"1.0","type":"video","provider_name":"Web.TV","provider_url":"https:\/\/web.tv\/","width":640,"height":360,"title":"15 Temmuz Destan\u0131 | Belgesel | D\u00fcnden Yar\u0131na TV ","author_name":"habermivar","author_url":"https:\/\/habermivar.web.tv","html":"<iframe width=\"640\" height=\"360\" frameborder=\"0\" src=\"https:\/\/habermivar.web.tv\/embed\/qvdwgxb5zzm?feature=oembed\" allowfullscreen=\"allowfullscreen\" sandbox=\"allow-same-origin allow-scripts\"><\/iframe>","thubmnail_url":"https:\/\/thumbs01.cdn.web.tv\/qv\/dw\/qvdwgxb5zzm_2_1200x720.jpg","thumbnail_height":640,"thumbnail_width":360}

15 Temmuz Destanı | Belgesel | Dünden Yarına TV
