
{"version":"1.0","type":"video","provider_name":"Web.TV","provider_url":"https:\/\/web.tv\/","width":640,"height":360,"title":"kar\u0131\u015f\u0131mlar\u0131-ayr\u0131\u015ft\u0131rma-deneyi","author_name":"hafta-hafta-hamilelik","author_url":"https:\/\/hafta-hafta-hamilelik.web.tv","html":"<iframe width=\"640\" height=\"360\" frameborder=\"0\" src=\"https:\/\/hafta-hafta-hamilelik.web.tv\/embed\/nf2dte1h9ug?feature=oembed\" allowfullscreen=\"allowfullscreen\" sandbox=\"allow-same-origin allow-scripts\"><\/iframe>","thubmnail_url":"https:\/\/thumbs01.cdn.web.tv\/nf\/2d\/nf2dte1h9ug_0_1200x720.jpg","thumbnail_height":640,"thumbnail_width":360}

karışımları-ayrıştırma-deneyi
