
{"version":"1.0","type":"video","provider_name":"Web.TV","provider_url":"https:\/\/web.tv\/","width":640,"height":360,"title":"Avusturya'da \u015fiddetli ya\u011f\u0131\u015flar sele neden oldu!","author_name":"herkesduysunn","author_url":"https:\/\/herkesduysunn.web.tv","html":"<iframe width=\"640\" height=\"360\" frameborder=\"0\" src=\"https:\/\/herkesduysunn.web.tv\/embed\/i3htimrfwvw?feature=oembed\" allowfullscreen=\"allowfullscreen\" sandbox=\"allow-same-origin allow-scripts\"><\/iframe>","thubmnail_url":"https:\/\/thumbs01.cdn.web.tv\/i3\/ht\/i3htimrfwvw_0_1200x720.jpg","thumbnail_height":640,"thumbnail_width":360}

Avusturya'da şiddetli yağışlar sele neden oldu!
