
{"version":"1.0","type":"video","provider_name":"Web.TV","provider_url":"https:\/\/web.tv\/","width":640,"height":360,"title":"\u00c7in'de otomobil \u00e7ocu\u011fu b\u00f6yle ezdi","author_name":"inegolhaber","author_url":"https:\/\/inegolhaber.web.tv","html":"<iframe width=\"640\" height=\"360\" frameborder=\"0\" src=\"https:\/\/inegolhaber.web.tv\/embed\/mxndzih5cdi?feature=oembed\" allowfullscreen=\"allowfullscreen\" sandbox=\"allow-same-origin allow-scripts\"><\/iframe>","thubmnail_url":"https:\/\/thumbs01.cdn.web.tv\/mx\/nd\/mxndzih5cdi_0_1200x720.jpg","thumbnail_height":640,"thumbnail_width":360}

Çin'de otomobil çocuğu böyle ezdi
