
{"version":"1.0","type":"video","provider_name":"Web.TV","provider_url":"https:\/\/web.tv\/","width":640,"height":360,"title":"ERDO\u011eAN`dan \u00d6ZERKL\u0130K a\u00e7\u0131klamas\u0131 BEDEL \u00d6DERLER! ","author_name":"RecepTayyipErdogan","author_url":"https:\/\/receptayyiperdogan.web.tv","html":"<iframe width=\"640\" height=\"360\" frameborder=\"0\" src=\"https:\/\/receptayyiperdogan.web.tv\/embed\/yumiv7w11y6?feature=oembed\" allowfullscreen=\"allowfullscreen\" sandbox=\"allow-same-origin allow-scripts\"><\/iframe>","thubmnail_url":"https:\/\/thumbs01.cdn.web.tv\/yu\/mi\/yumiv7w11y6_2_1200x720.jpg","thumbnail_height":640,"thumbnail_width":360}

ERDOĞAN`dan ÖZERKLİK açıklaması BEDEL ÖDERLER!
