
{"version":"1.0","type":"video","provider_name":"Web.TV","provider_url":"https:\/\/web.tv\/","width":640,"height":360,"title":"Bursa'da ehliyetsiz s\u00fcr\u00fcc\u00fc ref\u00fcj\u00fc a\u015ft\u0131: 7 yaral\u0131","author_name":"sehirmedya","author_url":"https:\/\/sehirmedya.web.tv","html":"<iframe width=\"640\" height=\"360\" frameborder=\"0\" src=\"https:\/\/sehirmedya.web.tv\/embed\/y7oa5luzfoy?feature=oembed\" allowfullscreen=\"allowfullscreen\" sandbox=\"allow-same-origin allow-scripts\"><\/iframe>","thubmnail_url":"https:\/\/thumbs01.cdn.web.tv\/y7\/oa\/y7oa5luzfoy_2_1200x720.jpg","thumbnail_height":640,"thumbnail_width":360}

Bursa'da ehliyetsiz sürücü refüjü aştı: 7 yaralı
