
{"version":"1.0","type":"video","provider_name":"Web.TV","provider_url":"https:\/\/web.tv\/","width":640,"height":360,"title":"Tarih Yaz\u0131c\u0131 Belgeseli Sonras\u0131 Bas\u0131n Ac\u0131klamar\u0131","author_name":"tarihyazici","author_url":"https:\/\/tarihyazici.web.tv","html":"<iframe width=\"640\" height=\"360\" frameborder=\"0\" src=\"https:\/\/tarihyazici.web.tv\/embed\/jewrkg4zynw?feature=oembed\" allowfullscreen=\"allowfullscreen\" sandbox=\"allow-same-origin allow-scripts\"><\/iframe>","thubmnail_url":"https:\/\/thumbs01.cdn.web.tv\/je\/wr\/jewrkg4zynw_2_1200x720.jpg","thumbnail_height":640,"thumbnail_width":360}

Tarih Yazıcı Belgeseli Sonrası Basın Acıklamarı
