
{"version":"1.0","type":"video","provider_name":"Web.TV","provider_url":"https:\/\/web.tv\/","width":640,"height":360,"title":"denizlinin ad\u0131m ad\u0131m yolar\u0131 cankurtaran k\u00f6y\u00fc gen\u00e7leri","author_name":"uyar","author_url":"https:\/\/uyar.web.tv","html":"<iframe width=\"640\" height=\"360\" frameborder=\"0\" src=\"https:\/\/uyar.web.tv\/embed\/vvirlwdi49k?feature=oembed\" allowfullscreen=\"allowfullscreen\" sandbox=\"allow-same-origin allow-scripts\"><\/iframe>","thubmnail_url":"https:\/\/thumbs01.cdn.web.tv\/vv\/ir\/vvirlwdi49k_3_1200x720.jpg","thumbnail_height":640,"thumbnail_width":360}

denizlinin adım adım yoları cankurtaran köyü gençleri
