
{"version":"1.0","type":"video","provider_name":"Web.TV","provider_url":"https:\/\/web.tv\/","width":640,"height":360,"title":"Karacabey'de AVM i\u00e7in ilk ad\u0131m at\u0131ld\u0131","author_name":"yenidonem","author_url":"https:\/\/yenidonem.web.tv","html":"<iframe width=\"640\" height=\"360\" frameborder=\"0\" src=\"https:\/\/yenidonem.web.tv\/embed\/xc55zwbgycu?feature=oembed\" allowfullscreen=\"allowfullscreen\" sandbox=\"allow-same-origin allow-scripts\"><\/iframe>","thubmnail_url":"https:\/\/thumbs01.cdn.web.tv\/xc\/55\/xc55zwbgycu_2_1200x720.jpg","thumbnail_height":640,"thumbnail_width":360}

Karacabey'de AVM için ilk adım atıldı
